st common factor of v and j.
9
Let r(n) = -1. Let y(h) = 2*h - 10. Let c(x) = -r(x) - y(x). Let o be c(-14). Calculate the highest common factor of 429 and o.
39
Let z be 5/((-150)/(-35412)) + 2/(-5). What is the greatest common divisor of z and 80?
20
Suppose 3*c = -5*a + 765, -765 = -5*a + 9*c - 4*c. What is the greatest common factor of 99 and a?
9
Suppose 0*n - 3*n - 9 = 0. Let d be (0/(n - -1))/2. Suppose d = 4*i - 12, -4*a + 0*i = -2*i - 526. Calculate the highest common divisor of a and 19.
19
Let i(m) = 9*m - 3. Let d be i(4). Let f be (-3)/2*(0 + 3 + -15). Suppose -3*x + 48 = -f. What is the highest common divisor of x and d?
11
Let x(h) = -93*h + 775. Let j be x(-25). What is the highest common divisor of j and 62?
62
Suppose i - 4 = -5, 5*s - 2*i - 42 = 0. What is the greatest common factor of s and 104?
8
Let t(a) = 4*a**2 + 4*a - 2. Let p be t(-2). Let r be 0 - 0/((-3)/3). Let h = p + r. What is the greatest common factor of h and 42?
6
Let g = -42 + 60. Let r(z) = z - 5. Let q be r(14). What is the greatest common factor of q and g?
9
Let j(a) = -46*a**2 - 1. Let q be j(-1). Let v = -23 - q. Let s be (-36 - -28)*6/((-4)/2). Calculate the greatest common divisor of s and v.
24
Suppose 2*b = 5*h - 49, 2*h - 4*b = -0*h + 26. Suppose -h*p + 12 = -69. What is the greatest common divisor of 3 and p?
3
Let h be (-4 + 1)*(-1)/(-1). Let c be (1 - 0/h) + 3. Calculate the highest common factor of c and 1.
1
Let f = -275 + 372. Calculate the highest common divisor of 1649 and f.
97
Let z(y) = 3*y - 9. Let d be z(4). Let c be (-4 + 1)/d*(-1 - 43). Let k(q) = -2*q + 1. Let b be k(-5). What is the highest common divisor of b and c?
11
Let i = 625 + -613. Calculate the highest common factor of i and 1164.
12
Suppose 9 = 2*i + 3*x, 3*i - 4*x - 2 = 3. Let y = -5 - -8. Suppose 38 = y*n - u + 3*u, i*u = -4*n + 51. Calculate the highest common factor of 3 and n.
3
Let k = -112 + 124. Calculate the greatest common divisor of 108 and k.
12
Let b(i) = i**2 + 3*i - 12. Suppose -32 = -3*y - y. Let q be b(y). Let u be -2 + (q/(-1))/(-2). What is the highest common divisor of 9 and u?
9
Suppose -4*t = -q - 5*t + 4, 20 = 3*q + 5*t. Suppose q = -7*w + 38 + 137. Calculate the greatest common factor of w and 50.
25
Suppose 4*h = 21 - 5. Suppose 60 = 3*k - h*v, 10*v = -3*k + 13*v + 57. Calculate the greatest common divisor of k and 144.
16
Let m(s) = -3*s**3 + 50*s**2 + 76*s - 54. Let h be m(18). Let o(i) = i**2 + 6. Let b be o(0). Calculate the greatest common factor of b and h.
6
Let z be 1*-1*(2 + -1). Let k be (4 - -32)*z/(-1). Suppose -2*f + 60 = 3*f. Calculate the highest common divisor of f and k.
12
Let a = 3872 + -952. Let w be 4/(-14) - a/(-28). Calculate the highest common factor of w and 13.
13
Let h = 95 - 48. Suppose -3*j = -3*m + 8 - h, 0 = -j - m + 3. Let u(b) = 8*b + 8. Let q be u(4). What is the highest common factor of j and q?
8
Suppose 5*f - 15 = 2*i + i, -3*i - 6 = -2*f. Suppose -17 = -n + f*o, 29 = 5*n - 2*o - 69. What is the greatest common divisor of n and 160?
20
Let z(v) = v**2 + 6*v - 65. Let h be z(20). Calculate the greatest common factor of 105 and h.
35
Let v be 4/(-6)*54/(-4). Let p = -17 + -1. Let x = -12 - p. What is the highest common factor of v and x?
3
Let n = -47 + 69. Let a(q) = q**2 - 3. Let p be a(6). Calculate the highest common factor of n and p.
11
Let p be 1*((-15)/(-5))/1. Calculate the highest common factor of p and 33.
3
Suppose 0 = -16*z + 12*z + 656. Let j = -127 + z. What is the greatest common divisor of 185 and j?
37
Let l(t) = t**3 - 7*t**2 - 7*t - 5. Let z be l(8). Suppose 0 = r - 4*r - z. Let u be ((-2)/(-2))/(r/(-12)). What is the highest common factor of u and 36?
12
Let u = 138 - 113. Let x be 10/u*(-50)/(-5). What is the highest common factor of 20 and x?
4
Let j = -240 - -250. What is the highest common factor of 30 and j?
10
Suppose 31*q - 1156 = 14*q. Calculate the greatest common divisor of q and 1258.
34
Let j be ((-33)/4)/((-6)/16). Let p = 142 + -140. Calculate the highest common factor of j and p.
2
Suppose 0 = -5*w - 2*i + 293 + 158, 3*i - 176 = -2*w. What is the highest common divisor of 13 and w?
13
Let j(m) = -m**2 + 5*m + 8. Let p be j(5). Suppose -3*k = -p*k + 1815. Calculate the highest common divisor of k and 33.
33
Let u = -128 + 209. Suppose 59 = -2*p + u. What is the highest common divisor of p and 44?
11
Let h = 9 - 21. Let z = 14 - h. Let o(d) = -4*d**3 + 3*d**2 + 2*d - 1. Let l be o(-2). Calculate the greatest common divisor of z and l.
13
Let b(d) = 3*d + 11. Let z be b(3). Suppose -24*t = -22*t - 160. What is the highest common divisor of t and z?
20
Let l be (-1)/(157/308 + 30/(-55)). Calculate the highest common factor of l and 252.
28
Suppose 3*z = 356 + 124. What is the highest common factor of z and 120?
40
Suppose 0 = 12*r - 13*r + 4*h + 25, 0 = r + 2*h - 19. What is the greatest common factor of 6 and r?
3
Suppose -10066 - 3470 = -9*l. Calculate the greatest common factor of l and 94.
94
Let m be 4 + -1 - (-3 - 1). Let y(n) = n**3 + 10*n**2 + 2*n. Suppose u + 0 + 9 = 0. Let p be y(u). Calculate the greatest common divisor of m and p.
7
Suppose -5*g + 35 + 10 = 0. Let f = g + 15. Calculate the highest common factor of 36 and f.
12
Suppose -11*x + 141 = 36*x. Calculate the greatest common divisor of 57 and x.
3
Suppose -125 = -4*q + 5*r, 3*r = -3*q - 17 + 104. What is the greatest common divisor of 240 and q?
30
Let w(g) = g**2 + 6*g + 7. Suppose 3*n = 5 - 20. Let v be w(n). Suppose v*k - 5 - 17 = 0. Calculate the highest common divisor of 121 and k.
11
Suppose -4*p - 275 = 3*g - 898, p - 159 = -4*g. What is the greatest common divisor of p and 2480?
155
Let r(i) = i**2 + 2*i - 139. Let s be r(-13). What is the greatest common divisor of s and 28?
4
Let f(j) = j**2 + 10*j + 13. Let w be f(-9). Suppose 144 = w*h - 120. What is the greatest common divisor of 22 and h?
22
Let q(k) = 18*k - 2. Let h = 0 - -1. Let x be q(h). What is the highest common divisor of x and 40?
8
Let h be ((-15)/6)/5 - 147/(-14). Suppose -h*w = -17*w + 98. Suppose 0 = -4*p + p + 42. What is the greatest common factor of p and w?
14
Suppose 6*l = 4*l. Suppose l = 7*w + 7*w - 2590. Calculate the highest common factor of w and 74.
37
Suppose 37 + 3 = 2*u - 5*t, 2*u = -2*t + 40. Calculate the greatest common divisor of u and 60.
20
Suppose 0 = -f - 4. Let p = -14 - f. Let w = p + 32. What is the highest common divisor of 11 and w?
11
Let j be 81 + (-20)/(3 - -2). Calculate the highest common divisor of j and 66.
11
Suppose 0*f + 4*f + 3*m = -314, -232 = 3*f + 4*m. Let d = 94 + f. Calculate the highest common factor of d and 2.
2
Suppose 2*d + 2*d = 0. Suppose d*b - 7 = -b. Suppose -53 = -3*o - 2*n, -2*n + b = -1. What is the highest common divisor of 60 and o?
15
Let d be 12 + -2 - 1 - 2. Let t = -20 + 24. Suppose 0 = -t*u + 75 - 19. Calculate the greatest common factor of d and u.
7
Let h be 212/44 - 5 - (-35)/11. Suppose -4*r + h*s + 37 = 0, -3*r + 4*s + 25 = -8. Let v = 25 - -10. What is the highest common divisor of r and v?
7
Suppose 0 = 3*k - 306 + 300. Calculate the highest common divisor of k and 64.
2
Let k(z) = -z**2 + 7*z - 7. Let b be k(5). Let a be 0/b - (-1 + 21). Let r = a - -47. Calculate the greatest common factor of 3 and r.
3
Let o(d) = 5*d - 6. Suppose f + 4*f - 16 = 2*b, -3*b + 10 = f. Let z be o(f). Let i be (21*48)/(-4)*3/(-6). What is the greatest common divisor of i and z?
14
Suppose -2*u - 3*u + 25 = 0. Suppose -h + 3*y = 1, u*y + 3 = 23. Let a = 1417 + -1362. Calculate the greatest common divisor of h and a.
11
Let n(a) = 33*a - 32. Let r be n(4). What is the greatest common factor of r and 30?
10
Let m(s) = -s**3 - 3*s**2 + 8*s - 22. Let c be m(-6). Calculate the highest common divisor of c and 247.
19
Let r(z) = -2*z**2 + 21*z - 21. Let w be r(9). Let y = 20 + -38. Let t = y - -60. What is the greatest common divisor of w and t?
6
Let v = 1014 + -956. Calculate the greatest common factor of v and 725.
29
Suppose 102 = 3*p + 5*s - 34, 5*s - 52 = -p. Let o be (0 - 3)/(5/610). Let c = -261 - o. What is the highest common divisor of p and c?
21
Suppose -4*r - 615 = -5*o, -r + 4*o - 156 = 2*o. Let x = r + 94. Let m be 6/(-9) - x/12. Calculate the highest common factor of m an